 of 3632740?
2, 5, 67, 2711
What are the prime factors of 76314028?
2, 7, 2725501
What are the prime factors of 343825223?
7, 49117889
What are the prime factors of 1062920571?
3, 37, 9575861
List the prime factors of 346678107.
3, 115559369
What are the prime factors of 3199867043?
3199867043
What are the prime factors of 126334918?
2, 197, 320647
What are the prime factors of 2700907381?
2700907381
What are the prime factors of 4102204414?
2, 7, 11, 17, 1566923
What are the prime factors of 124313264?
2, 7769579
What are the prime factors of 2362199207?
1117, 2114771
List the prime factors of 6230923823.
2909, 2141947
List the prime factors of 81384984.
2, 3, 17, 66491
What are the prime factors of 166108998?
2, 3, 11, 47, 53549
What are the prime factors of 4318026568?
2, 11131, 48491
What are the prime factors of 927204502?
2, 7, 66228893
List the prime factors of 33700045.
5, 479, 14071
List the prime factors of 103243408.
2, 167, 38639
List the prime factors of 148815174.
2, 3, 43, 67, 8609
What are the prime factors of 175020657?
3, 7, 1181, 7057
List the prime factors of 104129493.
3, 13, 2669987
List the prime factors of 463851759.
3, 7, 563, 39233
What are the prime factors of 1313758105?
5, 11, 167, 13003
What are the prime factors of 94996208?
2, 5937263
List the prime factors of 4015863.
3, 53, 8419
List the prime factors of 4571187845.
5, 7, 4597, 28411
What are the prime factors of 54990958?
2, 11, 2499589
What are the prime factors of 66709124?
2, 16677281
List the prime factors of 308150589.
3, 61, 277, 6079
What are the prime factors of 114736687?
13, 19, 464521
List the prime factors of 101028106.
2, 3271, 15443
What are the prime factors of 201002446?
2, 100501223
What are the prime factors of 13830947?
13, 1063919
What are the prime factors of 105407241?
3, 4447, 7901
List the prime factors of 67632297.
3, 31, 23459
List the prime factors of 68278002.
2, 3, 13, 71, 12329
List the prime factors of 32307653.
7, 29, 167, 953
What are the prime factors of 283801629?
3, 7703, 12281
What are the prime factors of 1409533930?
2, 5, 7, 229, 87931
What are the prime factors of 42955782?
2, 3, 41, 174617
What are the prime factors of 38616989?
38616989
List the prime factors of 5054082590.
2, 5, 29, 1087, 16033
What are the prime factors of 323280012?
2, 3, 11, 2449091
What are the prime factors of 243338454?
2, 3, 13518803
What are the prime factors of 440582746?
2, 53, 4156441
What are the prime factors of 1606404425?
5, 64256177
What are the prime factors of 268379509?
268379509
What are the prime factors of 1064847707?
7, 11, 137, 100943
List the prime factors of 9257901471.
3, 7, 13, 1373, 8233
List the prime factors of 1356300715.
5, 7, 11, 17, 207227
List the prime factors of 266734341.
3, 163, 173, 1051
List the prime factors of 1902867268.
2, 53, 67, 133967
List the prime factors of 398802039.
3, 19, 41, 170647
List the prime factors of 18925499.
1163, 16273
List the prime factors of 111978466.
2, 3931, 14243
What are the prime factors of 1944792669?
3, 23, 28185401
What are the prime factors of 113611516?
2, 28402879
What are the prime factors of 58187829?
3, 7, 2770849
What are the prime factors of 69437069?
13, 23, 439
What are the prime factors of 30376192?
2, 7, 11, 23, 67
List the prime factors of 78642303.
3, 271, 96731
What are the prime factors of 255450654?
2, 3, 2713, 5231
What are the prime factors of 958502314?
2, 7, 11, 6224041
List the prime factors of 1319036246.
2, 11, 23, 236981
List the prime factors of 2853220025.
5, 19, 6006779
What are the prime factors of 268729947?
3, 9952961
List the prime factors of 2115380374.
2, 1057690187
What are the prime factors of 59740339?
2803, 21313
List the prime factors of 945856627.
18199, 51973
List the prime factors of 111618338.
2, 13, 4293013
What are the prime factors of 609161143?
609161143
What are the prime factors of 1086402697?
17, 43, 47, 103, 307
List the prime factors of 467514086.
2, 13, 17981311
List the prime factors of 132177317.
41, 3223837
List the prime factors of 3952739.
7, 61, 9257
List the prime factors of 2564363613.
3, 7, 4889, 24977
List the prime factors of 362351923.
17, 21314819
What are the prime factors of 1192252429?
1192252429
What are the prime factors of 245031148?
2, 1559, 39293
What are the prime factors of 459900503?
459900503
What are the prime factors of 66342419?
11, 13, 23, 877
List the prime factors of 166571398.
2, 7, 11897957
What are the prime factors of 89980965?
3, 5, 241, 8297
What are the prime factors of 284268628?
2, 7, 17, 599, 997
List the prime factors of 100082954.
2, 2381, 21017
What are the prime factors of 36451127?
36451127
What are the prime factors of 1756649521?
11, 3347, 47713
What are the prime factors of 33590523?
3, 181, 61861
List the prime factors of 338979173.
13, 29, 899149
List the prime factors of 812585023.
17, 83, 575893
What are the prime factors of 34483257?
3, 3831473
What are the prime factors of 3862096729?
43, 89816203
List the prime factors of 647838723.
3, 7, 23, 379, 3539
What are the prime factors of 184485232?
2, 11530327
What are the prime factors of 31613211?
3, 7, 31, 16187
What are the prime factors of 315852942?
2, 3, 37, 38453
List the prime factors of 52814857.
139, 379963
What are the prime factors of 31180791?
3, 10393597
List the prime factors of 27923066.
2, 101, 137, 1009
List the prime factors of 1185684017.
7, 23, 431, 2441
What are the prime factors of 346478231?
11, 61, 516361
What are the prime factors of 19397303?
23, 843361
What are the prime factors of 192978041?
19, 911, 11149
What are the prime factors of 1084055534?
2, 53, 337, 30347
What are the prime factors of 652386728?
2, 7, 11649763
What are the prime factors of 6922113316?
2, 1730528329
List the prime factors of 95714152.
2, 29, 412561
List the prime factors of 57446911.
103, 443, 1259
List the prime factors of 1245430702.
2, 521, 1195231
List the prime factors of 1317768537.
3, 11287, 38917
List the prime factors of 24426629.
24426629
List the prime factors of 1469259185.
5, 293851837
List the prime factors of 6975044938.
2, 83, 523, 80341
List the prime factors of 196318282.
2, 98159141
What are the prime factors of 5929741121?
5929741121
List the prime factors of 580292406.
2, 3, 32238467
List the prime factors of 261105397.
7, 17, 349, 6287
What are the prime factors of 141388903?
71, 199, 10007
List the prime factors of 3763858312.
2, 470482289
List the prime factors of 3503967926.
2, 241, 7269643
List the prime factors of 124829873.
7, 2647, 6737
What are the prime factors of 487419025?
5, 19496761
What are the prime factors of 2216303047?
7, 29, 10917749
What are the prime factors of 35468590?
2, 5, 3546859
List the prime factors of 75439206.
2, 3, 4191067
List the prime factors of 155625896.
2, 19453237
What are the prime factors of 4765774?
2, 13, 183299
List the prime factors of 325552592.
2, 20347037
What are the prime factors of 115236158?
2, 41, 1405319
What are the prime factors of 241399795?
5, 7, 13, 530549
List the prime factors of 554827533.
3, 13, 14226347
List the prime factors of 77523796.
2, 7, 383, 7229
List the prime factors of 16857686.
2, 1307, 6449
List the prime factors of 686126868.
2, 3, 7, 17, 47, 10223
List the prime factors of 352931889.
3, 3391, 34693
List the prime factors of 68921976.
2, 3, 2871749
List the prime factors of 82965762.
2, 3, 11, 197, 709
List the prime factors of 3512630502.
2, 3, 65048713
What are the prime factors of 65252452?
2, 107, 152459
List the prime factors of 65396170.
2, 5, 7, 53, 17627
What are the prime factors of 1018652156?
2, 53, 467, 10289
List the prime factors of 208607863.
389, 536267
List the prime factors of 103390657.
103390657
List the prime factors of 63442815.
3, 5, 4229521
What are the prime factors of 1089001420?
2, 5, 13, 4188467
What are the prime factors of 49301647?
49301647
What are the prime factors of 10193149?
17, 599597
What are the prime factors of 1591756588?
2, 397939147
List the prime factors of 768359890.
2, 5, 76835989
List the prime factors of 236332184.
2, 11, 19, 107, 1321
What are the prime factors of 6021258?
2, 3, 1003543
List the prime factors of 1682150705.
5, 733, 458977
What are the prime factors o